[INFO] cloning repository https://github.com/falconre/raptor
[INFO] running `Command { std: "git" "-c" "credential.helper=" "-c" "credential.helper=/workspace/cargo-home/bin/git-credential-null" "clone" "--bare" "https://github.com/falconre/raptor" "/workspace/cache/git-repos/https%3A%2F%2Fgithub.com%2Ffalconre%2Fraptor", kill_on_drop: false }`
[INFO] [stderr] Cloning into bare repository '/workspace/cache/git-repos/https%3A%2F%2Fgithub.com%2Ffalconre%2Fraptor'...
[INFO] running `Command { std: "git" "rev-parse" "HEAD", kill_on_drop: false }`
[INFO] [stdout] 062c511fb46141bec4a13550c35fc35d05ca8962
[INFO] building falconre/raptor against master#881c1ac408d93bb7adaa3a51dabab9266e82eee8 for issue-85264
[INFO] running `Command { std: "git" "clone" "/workspace/cache/git-repos/https%3A%2F%2Fgithub.com%2Ffalconre%2Fraptor" "/workspace/builds/worker-4/source", kill_on_drop: false }`
[INFO] [stderr] Cloning into '/workspace/builds/worker-4/source'...
[INFO] [stderr] done.
[INFO] validating manifest of git repo https://github.com/falconre/raptor on toolchain 881c1ac408d93bb7adaa3a51dabab9266e82eee8
[INFO] running `Command { std: "/workspace/cargo-home/bin/cargo" "+881c1ac408d93bb7adaa3a51dabab9266e82eee8" "metadata" "--manifest-path" "Cargo.toml" "--no-deps", kill_on_drop: false }`
[INFO] started tweaking git repo https://github.com/falconre/raptor
[INFO] finished tweaking git repo https://github.com/falconre/raptor
[INFO] tweaked toml for git repo https://github.com/falconre/raptor written to /workspace/builds/worker-4/source/Cargo.toml
[INFO] crate git repo https://github.com/falconre/raptor already has a lockfile, it will not be regenerated
[INFO] running `Command { std: "/workspace/cargo-home/bin/cargo" "+881c1ac408d93bb7adaa3a51dabab9266e82eee8" "fetch" "--manifest-path" "Cargo.toml", kill_on_drop: false }`
[INFO] [stderr]  Downloading crates ...
[INFO] [stderr]   Downloaded goblin v0.2.1
[INFO] [stderr]   Downloaded falcon-z3 v0.4.12
[INFO] [stderr]   Downloaded z3-sys v0.5.0
[INFO] [stderr]   Downloaded falcon_capstone v0.4.0
[INFO] [stderr]   Downloaded falcon v0.4.12
[INFO] running `Command { std: "docker" "create" "-v" "/var/lib/crater-agent-workspace/builds/worker-4/target:/opt/rustwide/target:rw,Z" "-v" "/var/lib/crater-agent-workspace/builds/worker-4/source:/opt/rustwide/workdir:ro,Z" "-v" "/var/lib/crater-agent-workspace/cargo-home:/opt/rustwide/cargo-home:ro,Z" "-v" "/var/lib/crater-agent-workspace/rustup-home:/opt/rustwide/rustup-home:ro,Z" "-e" "SOURCE_DIR=/opt/rustwide/workdir" "-e" "CARGO_TARGET_DIR=/opt/rustwide/target" "-e" "CARGO_HOME=/opt/rustwide/cargo-home" "-e" "RUSTUP_HOME=/opt/rustwide/rustup-home" "-w" "/opt/rustwide/workdir" "-m" "1610612736" "--user" "0:0" "--network" "none" "ghcr.io/rust-lang/crates-build-env/linux@sha256:20528e8c29e4536546f0102ce88568b16ea7538393a33fcca951030f7af10457" "/opt/rustwide/cargo-home/bin/cargo" "+881c1ac408d93bb7adaa3a51dabab9266e82eee8" "metadata" "--no-deps" "--format-version=1", kill_on_drop: false }`
[INFO] [stdout] 95af7d356e7678818bcee14adf5f935e1aec5645ad9af5cfde58699b363b9c0b
[INFO] [stderr] WARNING: Your kernel does not support swap limit capabilities or the cgroup is not mounted. Memory limited without swap.
[INFO] running `Command { std: "docker" "start" "-a" "95af7d356e7678818bcee14adf5f935e1aec5645ad9af5cfde58699b363b9c0b", kill_on_drop: false }`
[INFO] running `Command { std: "docker" "inspect" "95af7d356e7678818bcee14adf5f935e1aec5645ad9af5cfde58699b363b9c0b", kill_on_drop: false }`
[INFO] running `Command { std: "docker" "rm" "-f" "95af7d356e7678818bcee14adf5f935e1aec5645ad9af5cfde58699b363b9c0b", kill_on_drop: false }`
[INFO] [stdout] 95af7d356e7678818bcee14adf5f935e1aec5645ad9af5cfde58699b363b9c0b
[INFO] running `Command { std: "docker" "create" "-v" "/var/lib/crater-agent-workspace/builds/worker-4/target:/opt/rustwide/target:rw,Z" "-v" "/var/lib/crater-agent-workspace/builds/worker-4/source:/opt/rustwide/workdir:ro,Z" "-v" "/var/lib/crater-agent-workspace/cargo-home:/opt/rustwide/cargo-home:ro,Z" "-v" "/var/lib/crater-agent-workspace/rustup-home:/opt/rustwide/rustup-home:ro,Z" "-e" "SOURCE_DIR=/opt/rustwide/workdir" "-e" "CARGO_TARGET_DIR=/opt/rustwide/target" "-e" "CARGO_INCREMENTAL=0" "-e" "RUST_BACKTRACE=full" "-e" "RUSTFLAGS=--cap-lints=forbid" "-e" "CARGO_HOME=/opt/rustwide/cargo-home" "-e" "RUSTUP_HOME=/opt/rustwide/rustup-home" "-w" "/opt/rustwide/workdir" "-m" "1610612736" "--user" "0:0" "--network" "none" "ghcr.io/rust-lang/crates-build-env/linux@sha256:20528e8c29e4536546f0102ce88568b16ea7538393a33fcca951030f7af10457" "/opt/rustwide/cargo-home/bin/cargo" "+881c1ac408d93bb7adaa3a51dabab9266e82eee8" "build" "--frozen" "--message-format=json", kill_on_drop: false }`
[INFO] [stdout] 6e8012a0fb59792a392a205a2845e228555d017218d2d11679c6a8b91e4be8d3
[INFO] [stderr] WARNING: Your kernel does not support swap limit capabilities or the cgroup is not mounted. Memory limited without swap.
[INFO] running `Command { std: "docker" "start" "-a" "6e8012a0fb59792a392a205a2845e228555d017218d2d11679c6a8b91e4be8d3", kill_on_drop: false }`
[INFO] [stderr]    Compiling libc v0.2.69
[INFO] [stderr]    Compiling cc v1.0.50
[INFO] [stderr]    Compiling syn v1.0.17
[INFO] [stderr]    Compiling glob v0.3.0
[INFO] [stderr]    Compiling bindgen v0.51.1
[INFO] [stderr]    Compiling serde v1.0.106
[INFO] [stderr]    Compiling rustc-hash v1.1.0
[INFO] [stderr]    Compiling version_check v0.9.1
[INFO] [stderr]    Compiling plain v0.2.3
[INFO] [stderr]    Compiling base64 v0.12.0
[INFO] [stderr]    Compiling z3-sys v0.5.0
[INFO] [stderr]    Compiling num-traits v0.2.11
[INFO] [stderr]    Compiling num-integer v0.1.42
[INFO] [stderr]    Compiling num-bigint v0.2.6
[INFO] [stderr]    Compiling proc-macro2 v1.0.10
[INFO] [stderr]    Compiling log v0.4.8
[INFO] [stderr]    Compiling aho-corasick v0.7.10
[INFO] [stderr]    Compiling cexpr v0.3.6
[INFO] [stderr]    Compiling error-chain v0.12.2
[INFO] [stderr]    Compiling quote v1.0.3
[INFO] [stderr]    Compiling clang-sys v0.28.1
[INFO] [stderr]    Compiling libloading v0.5.2
[INFO] [stderr]    Compiling backtrace-sys v0.1.35
[INFO] [stderr]    Compiling regex v1.3.6
[INFO] [stderr]    Compiling atty v0.2.14
[INFO] [stderr]    Compiling which v3.1.1
[INFO] [stderr]    Compiling clap v2.33.0
[INFO] [stderr]    Compiling backtrace v0.3.46
[INFO] [stderr]    Compiling env_logger v0.6.2
[INFO] [stderr]    Compiling serde_derive v1.0.106
[INFO] [stderr]    Compiling scroll_derive v0.10.1
[INFO] [stderr]    Compiling scroll v0.10.1
[INFO] [stderr]    Compiling goblin v0.2.1
[INFO] [stderr]    Compiling falcon_capstone v0.4.0
[INFO] [stderr]    Compiling serde_json v1.0.51
[INFO] [stdout] error[E0412]: cannot find type `m68k_insn` in this scope
[INFO] [stdout]    --> /opt/rustwide/cargo-home/registry/src/github.com-1ecc6299db9ec823/falcon_capstone-0.4.0/src/capstone.rs:146:86
[INFO] [stdout]     |
[INFO] [stdout] 146 |             cs_arch::CS_ARCH_M68K       => { InstrIdArch::M68K      (transmute::<u32,m68k_insn>(instr.id))},
[INFO] [stdout]     |                                                                                      ^^^^^^^^^
[INFO] [stdout]     | 
[INFO] [stdout]    ::: /opt/rustwide/target/debug/build/falcon_capstone-03b5b800cd47d402/out/bindings.rs:3:184488
[INFO] [stdout]     |
[INFO] [stdout] 3   | ... Clone , PartialEq , Eq , Hash ) ] pub enum mips_insn { MIPS_INS_INVALID = 0 , MIPS_INS_ABSQ_S = 1 , MIPS_INS_ADD = 2 , MIPS_INS_ADDIU...
[INFO] [stdout]     |                                       ------------------ similarly named enum `mips_insn` defined here
[INFO] [stdout]     |
[INFO] [stdout] help: an enum with a similar name exists
[INFO] [stdout]     |
[INFO] [stdout] 146 |             cs_arch::CS_ARCH_M68K       => { InstrIdArch::M68K      (transmute::<u32,mips_insn>(instr.id))},
[INFO] [stdout]     |                                                                                      ^^^^^^^^^
[INFO] [stdout] help: you might be missing a type parameter
[INFO] [stdout]     |
[INFO] [stdout] 129 | impl<m68k_insn> Instr {
[INFO] [stdout]     |     ^^^^^^^^^^^
[INFO] [stdout] 
[INFO] [stdout] 
[INFO] [stdout] error[E0412]: cannot find type `tms320c64x_insn` in this scope
[INFO] [stdout]    --> /opt/rustwide/cargo-home/registry/src/github.com-1ecc6299db9ec823/falcon_capstone-0.4.0/src/capstone.rs:148:86
[INFO] [stdout]     |
[INFO] [stdout] 129 | impl Instr {
[INFO] [stdout]     |     - help: you might be missing a type parameter: `<tms320c64x_insn>`
[INFO] [stdout] ...
[INFO] [stdout] 148 |             cs_arch::CS_ARCH_TMS320C64X => { InstrIdArch::TMS320C64X(transmute::<u32,tms320c64x_insn>(instr.id))},
[INFO] [stdout]     |                                                                                      ^^^^^^^^^^^^^^^ not found in this scope
[INFO] [stdout] 
[INFO] [stdout] 
[INFO] [stdout] error[E0412]: cannot find type `m680x_insn` in this scope
[INFO] [stdout]    --> /opt/rustwide/cargo-home/registry/src/github.com-1ecc6299db9ec823/falcon_capstone-0.4.0/src/capstone.rs:150:86
[INFO] [stdout]     |
[INFO] [stdout] 129 | impl Instr {
[INFO] [stdout]     |     - help: you might be missing a type parameter: `<m680x_insn>`
[INFO] [stdout] ...
[INFO] [stdout] 150 |             cs_arch::CS_ARCH_M680X      => { InstrIdArch::M680X     (transmute::<u32,m680x_insn>(instr.id))},
[INFO] [stdout]     |                                                                                      ^^^^^^^^^^ not found in this scope
[INFO] [stdout] 
[INFO] [stdout] 
[INFO] [stdout] error[E0412]: cannot find type `evm_insn` in this scope
[INFO] [stdout]    --> /opt/rustwide/cargo-home/registry/src/github.com-1ecc6299db9ec823/falcon_capstone-0.4.0/src/capstone.rs:152:86
[INFO] [stdout]     |
[INFO] [stdout] 152 |             cs_arch::CS_ARCH_EVM        => { InstrIdArch::EVM       (transmute::<u32,evm_insn>(instr.id))},
[INFO] [stdout]     |                                                                                      ^^^^^^^^
[INFO] [stdout]     | 
[INFO] [stdout]    ::: /opt/rustwide/target/debug/build/falcon_capstone-03b5b800cd47d402/out/bindings.rs:3:128046
[INFO] [stdout]     |
[INFO] [stdout] 3   | ..., Clone , PartialEq , Eq , Hash ) ] pub enum arm_insn { ARM_INS_INVALID = 0 , ARM_INS_ADC = 1 , ARM_INS_ADD = 2 , ARM_INS_ADR = 3 , AR...
[INFO] [stdout]     |                                        ----------------- similarly named enum `arm_insn` defined here
[INFO] [stdout]     |
[INFO] [stdout] help: an enum with a similar name exists
[INFO] [stdout]     |
[INFO] [stdout] 152 |             cs_arch::CS_ARCH_EVM        => { InstrIdArch::EVM       (transmute::<u32,arm_insn>(instr.id))},
[INFO] [stdout]     |                                                                                      ^^^^^^^^
[INFO] [stdout] help: you might be missing a type parameter
[INFO] [stdout]     |
[INFO] [stdout] 129 | impl<evm_insn> Instr {
[INFO] [stdout]     |     ^^^^^^^^^^
[INFO] [stdout] 
[INFO] [stdout] 
[INFO] [stdout] error[E0412]: cannot find type `m68k_insn` in this scope
[INFO] [stdout]    --> /opt/rustwide/cargo-home/registry/src/github.com-1ecc6299db9ec823/falcon_capstone-0.4.0/src/capstone.rs:267:10
[INFO] [stdout]     |
[INFO] [stdout] 267 |     M68K(m68k_insn),
[INFO] [stdout]     |          ^^^^^^^^^ help: an enum with a similar name exists: `mips_insn`
[INFO] [stdout]     | 
[INFO] [stdout]    ::: /opt/rustwide/target/debug/build/falcon_capstone-03b5b800cd47d402/out/bindings.rs:3:184488
[INFO] [stdout]     |
[INFO] [stdout] 3   | ... Clone , PartialEq , Eq , Hash ) ] pub enum mips_insn { MIPS_INS_INVALID = 0 , MIPS_INS_ABSQ_S = 1 , MIPS_INS_ADD = 2 , MIPS_INS_ADDIU...
[INFO] [stdout]     |                                       ------------------ similarly named enum `mips_insn` defined here
[INFO] [stdout] 
[INFO] [stdout] 
[INFO] [stdout] error[E0412]: cannot find type `tms320c64x_insn` in this scope
[INFO] [stdout]    --> /opt/rustwide/cargo-home/registry/src/github.com-1ecc6299db9ec823/falcon_capstone-0.4.0/src/capstone.rs:269:16
[INFO] [stdout]     |
[INFO] [stdout] 269 |     TMS320C64X(tms320c64x_insn),
[INFO] [stdout]     |                ^^^^^^^^^^^^^^^ not found in this scope
[INFO] [stdout] 
[INFO] [stdout] 
[INFO] [stdout] error[E0412]: cannot find type `m680x_insn` in this scope
[INFO] [stdout]    --> /opt/rustwide/cargo-home/registry/src/github.com-1ecc6299db9ec823/falcon_capstone-0.4.0/src/capstone.rs:271:11
[INFO] [stdout]     |
[INFO] [stdout] 271 |     M680X(m680x_insn),
[INFO] [stdout]     |           ^^^^^^^^^^ not found in this scope
[INFO] [stdout] 
[INFO] [stdout] 
[INFO] [stdout] error[E0412]: cannot find type `evm_insn` in this scope
[INFO] [stdout]    --> /opt/rustwide/cargo-home/registry/src/github.com-1ecc6299db9ec823/falcon_capstone-0.4.0/src/capstone.rs:273:9
[INFO] [stdout]     |
[INFO] [stdout] 273 |     EVM(evm_insn),
[INFO] [stdout]     |         ^^^^^^^^ help: an enum with a similar name exists: `arm_insn`
[INFO] [stdout]     | 
[INFO] [stdout]    ::: /opt/rustwide/target/debug/build/falcon_capstone-03b5b800cd47d402/out/bindings.rs:3:128046
[INFO] [stdout]     |
[INFO] [stdout] 3   | ..., Clone , PartialEq , Eq , Hash ) ] pub enum arm_insn { ARM_INS_INVALID = 0 , ARM_INS_ADC = 1 , ARM_INS_ADD = 2 , ARM_INS_ADR = 3 , AR...
[INFO] [stdout]     |                                        ----------------- similarly named enum `arm_insn` defined here
[INFO] [stdout] 
[INFO] [stdout] 
[INFO] [stdout] error[E0412]: cannot find type `cs_m68k` in this scope
[INFO] [stdout]    --> /opt/rustwide/cargo-home/registry/src/github.com-1ecc6299db9ec823/falcon_capstone-0.4.0/src/capstone.rs:322:10
[INFO] [stdout]     |
[INFO] [stdout] 322 |     M68K(cs_m68k),
[INFO] [stdout]     |          ^^^^^^^ not found in this scope
[INFO] [stdout] 
[INFO] [stdout] 
[INFO] [stdout] error[E0412]: cannot find type `cs_tms320c64x` in this scope
[INFO] [stdout]    --> /opt/rustwide/cargo-home/registry/src/github.com-1ecc6299db9ec823/falcon_capstone-0.4.0/src/capstone.rs:324:16
[INFO] [stdout]     |
[INFO] [stdout] 324 |     TMS320C64X(cs_tms320c64x),
[INFO] [stdout]     |                ^^^^^^^^^^^^^ not found in this scope
[INFO] [stdout] 
[INFO] [stdout] 
[INFO] [stdout] error[E0412]: cannot find type `cs_m680x` in this scope
[INFO] [stdout]    --> /opt/rustwide/cargo-home/registry/src/github.com-1ecc6299db9ec823/falcon_capstone-0.4.0/src/capstone.rs:326:11
[INFO] [stdout]     |
[INFO] [stdout] 326 |     M680X(cs_m680x),
[INFO] [stdout]     |           ^^^^^^^^ not found in this scope
[INFO] [stdout] 
[INFO] [stdout] 
[INFO] [stdout] error[E0412]: cannot find type `cs_evm` in this scope
[INFO] [stdout]    --> /opt/rustwide/cargo-home/registry/src/github.com-1ecc6299db9ec823/falcon_capstone-0.4.0/src/capstone.rs:328:9
[INFO] [stdout]     |
[INFO] [stdout] 328 |     EVM(cs_evm),
[INFO] [stdout]     |         ^^^^^^ help: a struct with a similar name exists: `cs_arm`
[INFO] [stdout]     | 
[INFO] [stdout]    ::: /opt/rustwide/target/debug/build/falcon_capstone-03b5b800cd47d402/out/bindings.rs:3:121434
[INFO] [stdout]     |
[INFO] [stdout] 3   | ...C ) ] # [ derive ( Copy , Clone ) ] pub struct cs_arm { pub usermode : bool , pub vector_size : :: std :: os :: raw :: c_int , pub vec...
[INFO] [stdout]     |                                        ----------------- similarly named struct `cs_arm` defined here
[INFO] [stdout] 
[INFO] [stdout] 
[INFO] [stdout] error[E0425]: cannot find value `cs_mode_CS_MODE_MIPS2` in this scope
[INFO] [stdout]   --> /opt/rustwide/cargo-home/registry/src/github.com-1ecc6299db9ec823/falcon_capstone-0.4.0/src/capstone_sys.rs:31:36
[INFO] [stdout]    |
[INFO] [stdout] 31 | pub const CS_MODE_MPIS2: cs_mode = cs_mode_CS_MODE_MIPS2;
[INFO] [stdout]    |                                    ^^^^^^^^^^^^^^^^^^^^^ help: a constant with a similar name exists: `cs_mode_CS_MODE_MIPS3`
[INFO] [stdout]    | 
[INFO] [stdout]   ::: /opt/rustwide/target/debug/build/falcon_capstone-03b5b800cd47d402/out/bindings.rs:3:105528
[INFO] [stdout]    |
[INFO] [stdout] 3  | ...mode = 16 ; pub const cs_mode_CS_MODE_MIPS3 : cs_mode = 32 ; pub const cs_mode_CS_MODE_MIPS32R6 : cs_mode = 64 ; pub const cs_mode_CS_...
[INFO] [stdout]    |                ------------------------------------------------ similarly named constant `cs_mode_CS_MODE_MIPS3` defined here
[INFO] [stdout] 
[INFO] [stdout] 
[INFO] [stdout] error[E0425]: cannot find value `cs_mode_CS_MODE_QPX` in this scope
[INFO] [stdout]   --> /opt/rustwide/cargo-home/registry/src/github.com-1ecc6299db9ec823/falcon_capstone-0.4.0/src/capstone_sys.rs:33:34
[INFO] [stdout]    |
[INFO] [stdout] 33 | pub const CS_MODE_QPX: cs_mode = cs_mode_CS_MODE_QPX;
[INFO] [stdout]    |                                  ^^^^^^^^^^^^^^^^^^^ help: a constant with a similar name exists: `cs_mode_CS_MODE_16`
[INFO] [stdout]    | 
[INFO] [stdout]   ::: /opt/rustwide/target/debug/build/falcon_capstone-03b5b800cd47d402/out/bindings.rs:3:105199
[INFO] [stdout]    |
[INFO] [stdout] 3  | ... cs_mode = 0 ; pub const cs_mode_CS_MODE_16 : cs_mode = 2 ; pub const cs_mode_CS_MODE_32 : cs_mode = 4 ; pub const cs_mode_CS_MODE_64 ...
[INFO] [stdout]    |                   -------------------------------------------- similarly named constant `cs_mode_CS_MODE_16` defined here
[INFO] [stdout] 
[INFO] [stdout] 
[INFO] [stdout] error[E0425]: cannot find value `cs_mode_CS_MODE_M68K_000` in this scope
[INFO] [stdout]   --> /opt/rustwide/cargo-home/registry/src/github.com-1ecc6299db9ec823/falcon_capstone-0.4.0/src/capstone_sys.rs:35:39
[INFO] [stdout]    |
[INFO] [stdout] 35 | pub const CS_MODE_M68K_000: cs_mode = cs_mode_CS_MODE_M68K_000;
[INFO] [stdout]    |                                       ^^^^^^^^^^^^^^^^^^^^^^^^ help: a constant with a similar name exists: `cs_mode_CS_MODE_16`
[INFO] [stdout]    | 
[INFO] [stdout]   ::: /opt/rustwide/target/debug/build/falcon_capstone-03b5b800cd47d402/out/bindings.rs:3:105199
[INFO] [stdout]    |
[INFO] [stdout] 3  | ... cs_mode = 0 ; pub const cs_mode_CS_MODE_16 : cs_mode = 2 ; pub const cs_mode_CS_MODE_32 : cs_mode = 4 ; pub const cs_mode_CS_MODE_64 ...
[INFO] [stdout]    |                   -------------------------------------------- similarly named constant `cs_mode_CS_MODE_16` defined here
[INFO] [stdout] 
[INFO] [stdout] 
[INFO] [stdout] error[E0425]: cannot find value `cs_mode_CS_MODE_M68K_010` in this scope
[INFO] [stdout]   --> /opt/rustwide/cargo-home/registry/src/github.com-1ecc6299db9ec823/falcon_capstone-0.4.0/src/capstone_sys.rs:37:39
[INFO] [stdout]    |
[INFO] [stdout] 37 | pub const CS_MODE_M68K_010: cs_mode = cs_mode_CS_MODE_M68K_010;
[INFO] [stdout]    |                                       ^^^^^^^^^^^^^^^^^^^^^^^^ help: a constant with a similar name exists: `cs_mode_CS_MODE_16`
[INFO] [stdout]    | 
[INFO] [stdout]   ::: /opt/rustwide/target/debug/build/falcon_capstone-03b5b800cd47d402/out/bindings.rs:3:105199
[INFO] [stdout]    |
[INFO] [stdout] 3  | ... cs_mode = 0 ; pub const cs_mode_CS_MODE_16 : cs_mode = 2 ; pub const cs_mode_CS_MODE_32 : cs_mode = 4 ; pub const cs_mode_CS_MODE_64 ...
[INFO] [stdout]    |                   -------------------------------------------- similarly named constant `cs_mode_CS_MODE_16` defined here
[INFO] [stdout] 
[INFO] [stdout] 
[INFO] [stdout] error[E0425]: cannot find value `cs_mode_CS_MODE_M68K_020` in this scope
[INFO] [stdout]   --> /opt/rustwide/cargo-home/registry/src/github.com-1ecc6299db9ec823/falcon_capstone-0.4.0/src/capstone_sys.rs:39:39
[INFO] [stdout]    |
[INFO] [stdout] 39 | pub const CS_MODE_M68K_020: cs_mode = cs_mode_CS_MODE_M68K_020;
[INFO] [stdout]    |                                       ^^^^^^^^^^^^^^^^^^^^^^^^ help: a constant with a similar name exists: `cs_mode_CS_MODE_MIPS32`
[INFO] [stdout]    | 
[INFO] [stdout]   ::: /opt/rustwide/target/debug/build/falcon_capstone-03b5b800cd47d402/out/bindings.rs:3:105791
[INFO] [stdout]    |
[INFO] [stdout] 3  | ...47483648 ; pub const cs_mode_CS_MODE_MIPS32 : cs_mode = 4 ; pub const cs_mode_CS_MODE_MIPS64 : cs_mode = 8 ; pub type cs_mode = i32 ; ...
[INFO] [stdout]    |               ------------------------------------------------ similarly named constant `cs_mode_CS_MODE_MIPS32` defined here
[INFO] [stdout] 
[INFO] [stdout] 
[INFO] [stdout] error[E0425]: cannot find value `cs_mode_CS_MODE_M68K_030` in this scope
[INFO] [stdout]   --> /opt/rustwide/cargo-home/registry/src/github.com-1ecc6299db9ec823/falcon_capstone-0.4.0/src/capstone_sys.rs:41:39
[INFO] [stdout]    |
[INFO] [stdout] 41 | pub const CS_MODE_M68K_030: cs_mode = cs_mode_CS_MODE_M68K_030;
[INFO] [stdout]    |                                       ^^^^^^^^^^^^^^^^^^^^^^^^ help: a constant with a similar name exists: `cs_mode_CS_MODE_MIPS3`
[INFO] [stdout]    | 
[INFO] [stdout]   ::: /opt/rustwide/target/debug/build/falcon_capstone-03b5b800cd47d402/out/bindings.rs:3:105528
[INFO] [stdout]    |
[INFO] [stdout] 3  | ...mode = 16 ; pub const cs_mode_CS_MODE_MIPS3 : cs_mode = 32 ; pub const cs_mode_CS_MODE_MIPS32R6 : cs_mode = 64 ; pub const cs_mode_CS_...
[INFO] [stdout]    |                ------------------------------------------------ similarly named constant `cs_mode_CS_MODE_MIPS3` defined here
[INFO] [stdout] 
[INFO] [stdout] 
[INFO] [stdout] error[E0425]: cannot find value `cs_mode_CS_MODE_M68K_040` in this scope
[INFO] [stdout]   --> /opt/rustwide/cargo-home/registry/src/github.com-1ecc6299db9ec823/falcon_capstone-0.4.0/src/capstone_sys.rs:43:39
[INFO] [stdout]    |
[INFO] [stdout] 43 | pub const CS_MODE_M68K_040: cs_mode = cs_mode_CS_MODE_M68K_040;
[INFO] [stdout]    |                                       ^^^^^^^^^^^^^^^^^^^^^^^^ help: a constant with a similar name exists: `cs_mode_CS_MODE_64`
[INFO] [stdout]    | 
[INFO] [stdout]   ::: /opt/rustwide/target/debug/build/falcon_capstone-03b5b800cd47d402/out/bindings.rs:3:105289
[INFO] [stdout]    |
[INFO] [stdout] 3  | ... cs_mode = 4 ; pub const cs_mode_CS_MODE_64 : cs_mode = 8 ; pub const cs_mode_CS_MODE_THUMB : cs_mode = 16 ; pub const cs_mode_CS_MODE...
[INFO] [stdout]    |                   -------------------------------------------- similarly named constant `cs_mode_CS_MODE_64` defined here
[INFO] [stdout] 
[INFO] [stdout] 
[INFO] [stdout] error[E0425]: cannot find value `cs_mode_CS_MODE_M68K_060` in this scope
[INFO] [stdout]   --> /opt/rustwide/cargo-home/registry/src/github.com-1ecc6299db9ec823/falcon_capstone-0.4.0/src/capstone_sys.rs:45:39
[INFO] [stdout]    |
[INFO] [stdout] 45 | pub const CS_MODE_M68K_060: cs_mode = cs_mode_CS_MODE_M68K_060;
[INFO] [stdout]    |                                       ^^^^^^^^^^^^^^^^^^^^^^^^ help: a constant with a similar name exists: `cs_mode_CS_MODE_MIPS64`
[INFO] [stdout]    | 
[INFO] [stdout]   ::: /opt/rustwide/target/debug/build/falcon_capstone-03b5b800cd47d402/out/bindings.rs:3:105840
[INFO] [stdout]    |
[INFO] [stdout] 3  | ...mode = 4 ; pub const cs_mode_CS_MODE_MIPS64 : cs_mode = 8 ; pub type cs_mode = i32 ; pub type cs_malloc_t = :: std :: option :: Option...
[INFO] [stdout]    |               ------------------------------------------------ similarly named constant `cs_mode_CS_MODE_MIPS64` defined here
[INFO] [stdout] 
[INFO] [stdout] 
[INFO] [stdout] error[E0425]: cannot find value `cs_mode_CS_MODE_M680X_6301` in this scope
[INFO] [stdout]   --> /opt/rustwide/cargo-home/registry/src/github.com-1ecc6299db9ec823/falcon_capstone-0.4.0/src/capstone_sys.rs:47:41
[INFO] [stdout]    |
[INFO] [stdout] 47 | pub const CS_MODE_M680X_6301: cs_mode = cs_mode_CS_MODE_M680X_6301;
[INFO] [stdout]    |                                         ^^^^^^^^^^^^^^^^^^^^^^^^^^ not found in this scope
[INFO] [stdout] 
[INFO] [stdout] 
[INFO] [stdout] error[E0425]: cannot find value `cs_mode_CS_MODE_M680X_6309` in this scope
[INFO] [stdout]   --> /opt/rustwide/cargo-home/registry/src/github.com-1ecc6299db9ec823/falcon_capstone-0.4.0/src/capstone_sys.rs:49:41
[INFO] [stdout]    |
[INFO] [stdout] 49 | pub const CS_MODE_M680X_6309: cs_mode = cs_mode_CS_MODE_M680X_6309;
[INFO] [stdout]    |                                         ^^^^^^^^^^^^^^^^^^^^^^^^^^ not found in this scope
[INFO] [stdout] 
[INFO] [stdout] 
[INFO] [stdout] error[E0425]: cannot find value `cs_mode_CS_MODE_M680X_6800` in this scope
[INFO] [stdout]   --> /opt/rustwide/cargo-home/registry/src/github.com-1ecc6299db9ec823/falcon_capstone-0.4.0/src/capstone_sys.rs:51:41
[INFO] [stdout]    |
[INFO] [stdout] 51 | pub const CS_MODE_M680X_6800: cs_mode = cs_mode_CS_MODE_M680X_6800;
[INFO] [stdout]    |                                         ^^^^^^^^^^^^^^^^^^^^^^^^^^ not found in this scope
[INFO] [stdout] 
[INFO] [stdout] 
[INFO] [stdout] error[E0425]: cannot find value `cs_mode_CS_MODE_M680X_6801` in this scope
[INFO] [stdout]   --> /opt/rustwide/cargo-home/registry/src/github.com-1ecc6299db9ec823/falcon_capstone-0.4.0/src/capstone_sys.rs:53:41
[INFO] [stdout]    |
[INFO] [stdout] 53 | pub const CS_MODE_M680X_6801: cs_mode = cs_mode_CS_MODE_M680X_6801;
[INFO] [stdout]    |                                         ^^^^^^^^^^^^^^^^^^^^^^^^^^ not found in this scope
[INFO] [stdout] 
[INFO] [stdout] 
[INFO] [stdout] error[E0425]: cannot find value `cs_mode_CS_MODE_M680X_6805` in this scope
[INFO] [stdout]   --> /opt/rustwide/cargo-home/registry/src/github.com-1ecc6299db9ec823/falcon_capstone-0.4.0/src/capstone_sys.rs:55:41
[INFO] [stdout]    |
[INFO] [stdout] 55 | pub const CS_MODE_M680X_6805: cs_mode = cs_mode_CS_MODE_M680X_6805;
[INFO] [stdout]    |                                         ^^^^^^^^^^^^^^^^^^^^^^^^^^ not found in this scope
[INFO] [stdout] 
[INFO] [stdout] 
[INFO] [stdout] error[E0425]: cannot find value `cs_mode_CS_MODE_M680X_6808` in this scope
[INFO] [stdout]   --> /opt/rustwide/cargo-home/registry/src/github.com-1ecc6299db9ec823/falcon_capstone-0.4.0/src/capstone_sys.rs:57:41
[INFO] [stdout]    |
[INFO] [stdout] 57 | pub const CS_MODE_M680X_6808: cs_mode = cs_mode_CS_MODE_M680X_6808;
[INFO] [stdout]    |                                         ^^^^^^^^^^^^^^^^^^^^^^^^^^ not found in this scope
[INFO] [stdout] 
[INFO] [stdout] 
[INFO] [stdout] error[E0425]: cannot find value `cs_mode_CS_MODE_M680X_6809` in this scope
[INFO] [stdout]   --> /opt/rustwide/cargo-home/registry/src/github.com-1ecc6299db9ec823/falcon_capstone-0.4.0/src/capstone_sys.rs:59:41
[INFO] [stdout]    |
[INFO] [stdout] 59 | pub const CS_MODE_M680X_6809: cs_mode = cs_mode_CS_MODE_M680X_6809;
[INFO] [stdout]    |                                         ^^^^^^^^^^^^^^^^^^^^^^^^^^ not found in this scope
[INFO] [stdout] 
[INFO] [stdout] 
[INFO] [stdout] error[E0425]: cannot find value `cs_mode_CS_MODE_M680X_6811` in this scope
[INFO] [stdout]   --> /opt/rustwide/cargo-home/registry/src/github.com-1ecc6299db9ec823/falcon_capstone-0.4.0/src/capstone_sys.rs:61:41
[INFO] [stdout]    |
[INFO] [stdout] 61 | pub const CS_MODE_M680X_6811: cs_mode = cs_mode_CS_MODE_M680X_6811;
[INFO] [stdout]    |                                         ^^^^^^^^^^^^^^^^^^^^^^^^^^ not found in this scope
[INFO] [stdout] 
[INFO] [stdout] 
[INFO] [stdout] error[E0425]: cannot find value `cs_mode_CS_MODE_M680X_CPU12` in this scope
[INFO] [stdout]   --> /opt/rustwide/cargo-home/registry/src/github.com-1ecc6299db9ec823/falcon_capstone-0.4.0/src/capstone_sys.rs:63:42
[INFO] [stdout]    |
[INFO] [stdout] 63 | pub const CS_MODE_M680X_CPU12: cs_mode = cs_mode_CS_MODE_M680X_CPU12;
[INFO] [stdout]    |                                          ^^^^^^^^^^^^^^^^^^^^^^^^^^^ not found in this scope
[INFO] [stdout] 
[INFO] [stdout] 
[INFO] [stdout] error[E0425]: cannot find value `cs_mode_CS_MODE_M680X_HCS08` in this scope
[INFO] [stdout]   --> /opt/rustwide/cargo-home/registry/src/github.com-1ecc6299db9ec823/falcon_capstone-0.4.0/src/capstone_sys.rs:65:42
[INFO] [stdout]    |
[INFO] [stdout] 65 | pub const CS_MODE_M680X_HCS08: cs_mode = cs_mode_CS_MODE_M680X_HCS08;
[INFO] [stdout]    |                                          ^^^^^^^^^^^^^^^^^^^^^^^^^^^ not found in this scope
[INFO] [stdout] 
[INFO] [stdout] 
[INFO] [stdout] error[E0412]: cannot find type `cs_tms320c64x_op` in this scope
[INFO] [stdout]    --> /opt/rustwide/cargo-home/registry/src/github.com-1ecc6299db9ec823/falcon_capstone-0.4.0/src/capstone_sys.rs:220:6
[INFO] [stdout]     |
[INFO] [stdout] 220 | impl cs_tms320c64x_op {
[INFO] [stdout]     |      ^^^^^^^^^^^^^^^^ not found in this scope
[INFO] [stdout] 
[INFO] [stdout] 
[INFO] [stdout] error[E0412]: cannot find type `tms320c64x_reg` in this scope
[INFO] [stdout]    --> /opt/rustwide/cargo-home/registry/src/github.com-1ecc6299db9ec823/falcon_capstone-0.4.0/src/capstone_sys.rs:221:26
[INFO] [stdout]     |
[INFO] [stdout] 221 |     pub fn reg(&self) -> tms320c64x_reg {
[INFO] [stdout]     |                          ^^^^^^^^^^^^^^ not found in this scope
[INFO] [stdout] 
[INFO] [stdout] 
[INFO] [stdout] error[E0412]: cannot find type `tms320c64x_op_mem` in this scope
[INFO] [stdout]    --> /opt/rustwide/cargo-home/registry/src/github.com-1ecc6299db9ec823/falcon_capstone-0.4.0/src/capstone_sys.rs:227:27
[INFO] [stdout]     |
[INFO] [stdout] 227 |     pub fn mem(&self) -> &tms320c64x_op_mem {
[INFO] [stdout]     |                           ^^^^^^^^^^^^^^^^^ not found in this scope
[INFO] [stdout] 
[INFO] [stdout] 
[INFO] [stdout] error[E0412]: cannot find type `cs_m680x_op` in this scope
[INFO] [stdout]    --> /opt/rustwide/cargo-home/registry/src/github.com-1ecc6299db9ec823/falcon_capstone-0.4.0/src/capstone_sys.rs:233:6
[INFO] [stdout]     |
[INFO] [stdout] 233 | impl cs_m680x_op {
[INFO] [stdout]     |      ^^^^^^^^^^^ not found in this scope
[INFO] [stdout] 
[INFO] [stdout] 
[INFO] [stdout] error[E0412]: cannot find type `m680x_reg` in this scope
[INFO] [stdout]    --> /opt/rustwide/cargo-home/registry/src/github.com-1ecc6299db9ec823/falcon_capstone-0.4.0/src/capstone_sys.rs:237:26
[INFO] [stdout]     |
[INFO] [stdout] 237 |     pub fn reg(&self) -> m680x_reg {
[INFO] [stdout]     |                          ^^^^^^^^^ not found in this scope
[INFO] [stdout] 
[INFO] [stdout] 
[INFO] [stdout] error[E0412]: cannot find type `m680x_op_idx` in this scope
[INFO] [stdout]    --> /opt/rustwide/cargo-home/registry/src/github.com-1ecc6299db9ec823/falcon_capstone-0.4.0/src/capstone_sys.rs:240:26
[INFO] [stdout]     |
[INFO] [stdout] 240 |     pub fn idx(&self) -> m680x_op_idx {
[INFO] [stdout]     |                          ^^^^^^^^^^^^ not found in this scope
[INFO] [stdout] 
[INFO] [stdout] 
[INFO] [stdout] error[E0412]: cannot find type `m680x_op_rel` in this scope
[INFO] [stdout]    --> /opt/rustwide/cargo-home/registry/src/github.com-1ecc6299db9ec823/falcon_capstone-0.4.0/src/capstone_sys.rs:243:26
[INFO] [stdout]     |
[INFO] [stdout] 243 |     pub fn rel(&self) -> m680x_op_rel {
[INFO] [stdout]     |                          ^^^^^^^^^^^^ not found in this scope
[INFO] [stdout] 
[INFO] [stdout] 
[INFO] [stdout] error[E0412]: cannot find type `m680x_op_ext` in this scope
[INFO] [stdout]    --> /opt/rustwide/cargo-home/registry/src/github.com-1ecc6299db9ec823/falcon_capstone-0.4.0/src/capstone_sys.rs:246:26
[INFO] [stdout]     |
[INFO] [stdout] 246 |     pub fn ext(&self) -> m680x_op_ext {
[INFO] [stdout]     |                          ^^^^^^^^^^^^ not found in this scope
[INFO] [stdout] 
[INFO] [stdout] 
[INFO] [stdout] error[E0412]: cannot find type `cs_m68k_op` in this scope
[INFO] [stdout]    --> /opt/rustwide/cargo-home/registry/src/github.com-1ecc6299db9ec823/falcon_capstone-0.4.0/src/capstone_sys.rs:258:6
[INFO] [stdout]     |
[INFO] [stdout] 258 | impl cs_m68k_op {
[INFO] [stdout]     |      ^^^^^^^^^^ help: a struct with a similar name exists: `cs_mips_op`
[INFO] [stdout]     | 
[INFO] [stdout]    ::: /opt/rustwide/target/debug/build/falcon_capstone-03b5b800cd47d402/out/bindings.rs:3:174717
[INFO] [stdout]     |
[INFO] [stdout] 3   | ...] # [ derive ( Copy , Clone ) ] pub struct cs_mips_op { pub type_ : mips_op_type , pub __bindgen_anon_1 : cs_mips_op__bindgen_ty_1 , }...
[INFO] [stdout]     |                                    --------------------- similarly named struct `cs_mips_op` defined here
[INFO] [stdout] 
[INFO] [stdout] 
[INFO] [stdout] error[E0412]: cannot find type `m68k_reg` in this scope
[INFO] [stdout]    --> /opt/rustwide/cargo-home/registry/src/github.com-1ecc6299db9ec823/falcon_capstone-0.4.0/src/capstone_sys.rs:268:26
[INFO] [stdout]     |
[INFO] [stdout] 268 |     pub fn reg(&self) -> m68k_reg {
[INFO] [stdout]     |                          ^^^^^^^^ not found in this scope
[INFO] [stdout] 
[INFO] [stdout] 
[INFO] [stdout] error[E0412]: cannot find type `m68k_reg` in this scope
[INFO] [stdout]    --> /opt/rustwide/cargo-home/registry/src/github.com-1ecc6299db9ec823/falcon_capstone-0.4.0/src/capstone_sys.rs:271:32
[INFO] [stdout]     |
[INFO] [stdout] 271 |     pub fn reg_pair(&self) -> (m68k_reg, m68k_reg) {
[INFO] [stdout]     |                                ^^^^^^^^ not found in this scope
[INFO] [stdout] 
[INFO] [stdout] 
[INFO] [stdout] error[E0412]: cannot find type `m68k_reg` in this scope
[INFO] [stdout]    --> /opt/rustwide/cargo-home/registry/src/github.com-1ecc6299db9ec823/falcon_capstone-0.4.0/src/capstone_sys.rs:271:42
[INFO] [stdout]     |
[INFO] [stdout] 271 |     pub fn reg_pair(&self) -> (m68k_reg, m68k_reg) {
[INFO] [stdout]     |                                          ^^^^^^^^ not found in this scope
[INFO] [stdout] 
[INFO] [stdout] 
[INFO] [stdout] error[E0412]: cannot find type `m68k_op_size` in this scope
[INFO] [stdout]    --> /opt/rustwide/cargo-home/registry/src/github.com-1ecc6299db9ec823/falcon_capstone-0.4.0/src/capstone_sys.rs:276:6
[INFO] [stdout]     |
[INFO] [stdout] 276 | impl m68k_op_size {
[INFO] [stdout]     |      ^^^^^^^^^^^^ not found in this scope
[INFO] [stdout] 
[INFO] [stdout] 
[INFO] [stdout] error[E0412]: cannot find type `m68k_cpu_size` in this scope
[INFO] [stdout]    --> /opt/rustwide/cargo-home/registry/src/github.com-1ecc6299db9ec823/falcon_capstone-0.4.0/src/capstone_sys.rs:277:31
[INFO] [stdout]     |
[INFO] [stdout] 277 |     pub fn cpu_size(&self) -> m68k_cpu_size {
[INFO] [stdout]     |                               ^^^^^^^^^^^^^ not found in this scope
[INFO] [stdout] 
[INFO] [stdout] 
[INFO] [stdout] error[E0412]: cannot find type `m68k_fpu_size` in this scope
[INFO] [stdout]    --> /opt/rustwide/cargo-home/registry/src/github.com-1ecc6299db9ec823/falcon_capstone-0.4.0/src/capstone_sys.rs:280:31
[INFO] [stdout]     |
[INFO] [stdout] 280 |     pub fn fpu_size(&self) -> m68k_fpu_size {
[INFO] [stdout]     |                               ^^^^^^^^^^^^^ not found in this scope
[INFO] [stdout] 
[INFO] [stdout] 
[INFO] [stdout] error[E0412]: cannot find type `m68k_reg` in this scope
[INFO] [stdout]    --> /opt/rustwide/cargo-home/registry/src/github.com-1ecc6299db9ec823/falcon_capstone-0.4.0/src/capstone_sys.rs:316:21
[INFO] [stdout]     |
[INFO] [stdout] 316 | impl_from_into_int!(m68k_reg);
[INFO] [stdout]     |                     ^^^^^^^^ not found in this scope
[INFO] [stdout] 
[INFO] [stdout] 
[INFO] [stdout] error[E0412]: cannot find type `tms320c64x_reg` in this scope
[INFO] [stdout]    --> /opt/rustwide/cargo-home/registry/src/github.com-1ecc6299db9ec823/falcon_capstone-0.4.0/src/capstone_sys.rs:318:21
[INFO] [stdout]     |
[INFO] [stdout] 318 | impl_from_into_int!(tms320c64x_reg);
[INFO] [stdout]     |                     ^^^^^^^^^^^^^^ not found in this scope
[INFO] [stdout] 
[INFO] [stdout] 
[INFO] [stdout] error[E0412]: cannot find type `m680x_reg` in this scope
[INFO] [stdout]    --> /opt/rustwide/cargo-home/registry/src/github.com-1ecc6299db9ec823/falcon_capstone-0.4.0/src/capstone_sys.rs:320:21
[INFO] [stdout]     |
[INFO] [stdout] 320 | impl_from_into_int!(m680x_reg);
[INFO] [stdout]     |                     ^^^^^^^^^ not found in this scope
[INFO] [stdout] 
[INFO] [stdout] 
[INFO] [stdout] error[E0412]: cannot find type `tms320c64x_insn_group` in this scope
[INFO] [stdout]    --> /opt/rustwide/cargo-home/registry/src/github.com-1ecc6299db9ec823/falcon_capstone-0.4.0/src/capstone_sys.rs:333:21
[INFO] [stdout]     |
[INFO] [stdout] 333 | impl_from_into_int!(tms320c64x_insn_group);
[INFO] [stdout]     |                     ^^^^^^^^^^^^^^^^^^^^^ not found in this scope
[INFO] [stdout] 
[INFO] [stdout] 
[INFO] [stdout] error[E0412]: cannot find type `evm_insn_group` in this scope
[INFO] [stdout]    --> /opt/rustwide/cargo-home/registry/src/github.com-1ecc6299db9ec823/falcon_capstone-0.4.0/src/capstone_sys.rs:335:21
[INFO] [stdout]     |
[INFO] [stdout] 335 | impl_from_into_int!(evm_insn_group);
[INFO] [stdout]     |                     ^^^^^^^^^^^^^^ help: an enum with a similar name exists: `arm_insn_group`
[INFO] [stdout]     | 
[INFO] [stdout]    ::: /opt/rustwide/target/debug/build/falcon_capstone-03b5b800cd47d402/out/bindings.rs:3:137546
[INFO] [stdout]     |
[INFO] [stdout] 3   | ...e , PartialEq , Eq , Hash ) ] pub enum arm_insn_group { ARM_GRP_INVALID = 0 , ARM_GRP_JUMP = 1 , ARM_GRP_CRYPTO = 128 , ARM_GRP_DATABA...
[INFO] [stdout]     |                                  ----------------------- similarly named enum `arm_insn_group` defined here
[INFO] [stdout] 
[INFO] [stdout] 
[INFO] [stdout] error[E0599]: no variant or associated item named `CS_ARCH_M68K` found for enum `capstone_sys::cs_arch` in the current scope
[INFO] [stdout]    --> /opt/rustwide/cargo-home/registry/src/github.com-1ecc6299db9ec823/falcon_capstone-0.4.0/src/capstone.rs:146:22
[INFO] [stdout]     |
[INFO] [stdout] 146 |             cs_arch::CS_ARCH_M68K       => { InstrIdArch::M68K      (transmute::<u32,m68k_insn>(instr.id))},
[INFO] [stdout]     |                      ^^^^^^^^^^^^
[INFO] [stdout]     |                      |
[INFO] [stdout]     |                      variant or associated item not found in `capstone_sys::cs_arch`
[INFO] [stdout]     |                      help: there is a variant with a similar name: `CS_ARCH_MIPS`
[INFO] [stdout]     | 
[INFO] [stdout]    ::: /opt/rustwide/target/debug/build/falcon_capstone-03b5b800cd47d402/out/bindings.rs:3:104884
[INFO] [stdout]     |
[INFO] [stdout] 3   | ...e , PartialEq , Eq , Hash ) ] pub enum cs_arch { CS_ARCH_ARM = 0 , CS_ARCH_ARM64 = 1 , CS_ARCH_MIPS = 2 , CS_ARCH_X86 = 3 , CS_ARCH_PP...
[INFO] [stdout]     |                                  ---------------- variant or associated item `CS_ARCH_M68K` not found here
[INFO] [stdout] 
[INFO] [stdout] 
[INFO] [stdout] error[E0599]: no variant or associated item named `CS_ARCH_TMS320C64X` found for enum `capstone_sys::cs_arch` in the current scope
[INFO] [stdout]    --> /opt/rustwide/cargo-home/registry/src/github.com-1ecc6299db9ec823/falcon_capstone-0.4.0/src/capstone.rs:148:22
[INFO] [stdout]     |
[INFO] [stdout] 148 |             cs_arch::CS_ARCH_TMS320C64X => { InstrIdArch::TMS320C64X(transmute::<u32,tms320c64x_insn>(instr.id))},
[INFO] [stdout]     |                      ^^^^^^^^^^^^^^^^^^ variant or associated item not found in `capstone_sys::cs_arch`
[INFO] [stdout]     | 
[INFO] [stdout]    ::: /opt/rustwide/target/debug/build/falcon_capstone-03b5b800cd47d402/out/bindings.rs:3:104884
[INFO] [stdout]     |
[INFO] [stdout] 3   | ... PartialEq , Eq , Hash ) ] pub enum cs_arch { CS_ARCH_ARM = 0 , CS_ARCH_ARM64 = 1 , CS_ARCH_MIPS = 2 , CS_ARCH_X86 = 3 , CS_ARCH_PPC =...
[INFO] [stdout]     |                               ---------------- variant or associated item `CS_ARCH_TMS320C64X` not found here
[INFO] [stdout] 
[INFO] [stdout] 
[INFO] [stdout] error[E0599]: no variant or associated item named `CS_ARCH_M680X` found for enum `capstone_sys::cs_arch` in the current scope
[INFO] [stdout]    --> /opt/rustwide/cargo-home/registry/src/github.com-1ecc6299db9ec823/falcon_capstone-0.4.0/src/capstone.rs:150:22
[INFO] [stdout]     |
[INFO] [stdout] 150 |             cs_arch::CS_ARCH_M680X      => { InstrIdArch::M680X     (transmute::<u32,m680x_insn>(instr.id))},
[INFO] [stdout]     |                      ^^^^^^^^^^^^^
[INFO] [stdout]     |                      |
[INFO] [stdout]     |                      variant or associated item not found in `capstone_sys::cs_arch`
[INFO] [stdout]     |                      help: there is a variant with a similar name: `CS_ARCH_MAX`
[INFO] [stdout]     | 
[INFO] [stdout]    ::: /opt/rustwide/target/debug/build/falcon_capstone-03b5b800cd47d402/out/bindings.rs:3:104884
[INFO] [stdout]     |
[INFO] [stdout] 3   | ...e , PartialEq , Eq , Hash ) ] pub enum cs_arch { CS_ARCH_ARM = 0 , CS_ARCH_ARM64 = 1 , CS_ARCH_MIPS = 2 , CS_ARCH_X86 = 3 , CS_ARCH_PP...
[INFO] [stdout]     |                                  ---------------- variant or associated item `CS_ARCH_M680X` not found here
[INFO] [stdout] 
[INFO] [stdout] 
[INFO] [stdout] error[E0599]: no variant or associated item named `CS_ARCH_EVM` found for enum `capstone_sys::cs_arch` in the current scope
[INFO] [stdout]    --> /opt/rustwide/cargo-home/registry/src/github.com-1ecc6299db9ec823/falcon_capstone-0.4.0/src/capstone.rs:152:22
[INFO] [stdout]     |
[INFO] [stdout] 152 |             cs_arch::CS_ARCH_EVM        => { InstrIdArch::EVM       (transmute::<u32,evm_insn>(instr.id))},
[INFO] [stdout]     |                      ^^^^^^^^^^^
[INFO] [stdout]     |                      |
[INFO] [stdout]     |                      variant or associated item not found in `capstone_sys::cs_arch`
[INFO] [stdout]     |                      help: there is a variant with a similar name: `CS_ARCH_ARM`
[INFO] [stdout]     | 
[INFO] [stdout]    ::: /opt/rustwide/target/debug/build/falcon_capstone-03b5b800cd47d402/out/bindings.rs:3:104884
[INFO] [stdout]     |
[INFO] [stdout] 3   | ...ne , PartialEq , Eq , Hash ) ] pub enum cs_arch { CS_ARCH_ARM = 0 , CS_ARCH_ARM64 = 1 , CS_ARCH_MIPS = 2 , CS_ARCH_X86 = 3 , CS_ARCH_P...
[INFO] [stdout]     |                                   ---------------- variant or associated item `CS_ARCH_EVM` not found here
[INFO] [stdout] 
[INFO] [stdout] 
[INFO] [stdout] error[E0599]: no variant or associated item named `CS_ARCH_M68K` found for enum `capstone_sys::cs_arch` in the current scope
[INFO] [stdout]    --> /opt/rustwide/cargo-home/registry/src/github.com-1ecc6299db9ec823/falcon_capstone-0.4.0/src/capstone.rs:192:26
[INFO] [stdout]     |
[INFO] [stdout] 192 |                 cs_arch::CS_ARCH_M68K       => { DetailsArch::M68K      (arch_union.m68k)       },
[INFO] [stdout]     |                          ^^^^^^^^^^^^
[INFO] [stdout]     |                          |
[INFO] [stdout]     |                          variant or associated item not found in `capstone_sys::cs_arch`
[INFO] [stdout]     |                          help: there is a variant with a similar name: `CS_ARCH_MIPS`
[INFO] [stdout]     | 
[INFO] [stdout]    ::: /opt/rustwide/target/debug/build/falcon_capstone-03b5b800cd47d402/out/bindings.rs:3:104884
[INFO] [stdout]     |
[INFO] [stdout] 3   | ...e , PartialEq , Eq , Hash ) ] pub enum cs_arch { CS_ARCH_ARM = 0 , CS_ARCH_ARM64 = 1 , CS_ARCH_MIPS = 2 , CS_ARCH_X86 = 3 , CS_ARCH_PP...
[INFO] [stdout]     |                                  ---------------- variant or associated item `CS_ARCH_M68K` not found here
[INFO] [stdout] 
[INFO] [stdout] 
[INFO] [stdout] error[E0599]: no variant or associated item named `CS_ARCH_TMS320C64X` found for enum `capstone_sys::cs_arch` in the current scope
[INFO] [stdout]    --> /opt/rustwide/cargo-home/registry/src/github.com-1ecc6299db9ec823/falcon_capstone-0.4.0/src/capstone.rs:194:26
[INFO] [stdout]     |
[INFO] [stdout] 194 |                 cs_arch::CS_ARCH_TMS320C64X => { DetailsArch::TMS320C64X(arch_union.tms320c64x) },
[INFO] [stdout]     |                          ^^^^^^^^^^^^^^^^^^ variant or associated item not found in `capstone_sys::cs_arch`
[INFO] [stdout]     | 
[INFO] [stdout]    ::: /opt/rustwide/target/debug/build/falcon_capstone-03b5b800cd47d402/out/bindings.rs:3:104884
[INFO] [stdout]     |
[INFO] [stdout] 3   | ... PartialEq , Eq , Hash ) ] pub enum cs_arch { CS_ARCH_ARM = 0 , CS_ARCH_ARM64 = 1 , CS_ARCH_MIPS = 2 , CS_ARCH_X86 = 3 , CS_ARCH_PPC =...
[INFO] [stdout]     |                               ---------------- variant or associated item `CS_ARCH_TMS320C64X` not found here
[INFO] [stdout] 
[INFO] [stdout] 
[INFO] [stdout] error[E0599]: no variant or associated item named `CS_ARCH_M680X` found for enum `capstone_sys::cs_arch` in the current scope
[INFO] [stdout]    --> /opt/rustwide/cargo-home/registry/src/github.com-1ecc6299db9ec823/falcon_capstone-0.4.0/src/capstone.rs:196:26
[INFO] [stdout]     |
[INFO] [stdout] 196 |                 cs_arch::CS_ARCH_M680X      => { DetailsArch::M680X     (arch_union.m680x)      },
[INFO] [stdout]     |                          ^^^^^^^^^^^^^
[INFO] [stdout]     |                          |
[INFO] [stdout]     |                          variant or associated item not found in `capstone_sys::cs_arch`
[INFO] [stdout]     |                          help: there is a variant with a similar name: `CS_ARCH_MAX`
[INFO] [stdout]     | 
[INFO] [stdout]    ::: /opt/rustwide/target/debug/build/falcon_capstone-03b5b800cd47d402/out/bindings.rs:3:104884
[INFO] [stdout]     |
[INFO] [stdout] 3   | ...e , PartialEq , Eq , Hash ) ] pub enum cs_arch { CS_ARCH_ARM = 0 , CS_ARCH_ARM64 = 1 , CS_ARCH_MIPS = 2 , CS_ARCH_X86 = 3 , CS_ARCH_PP...
[INFO] [stdout]     |                                  ---------------- variant or associated item `CS_ARCH_M680X` not found here
[INFO] [stdout] 
[INFO] [stdout] 
[INFO] [stdout] error[E0599]: no variant or associated item named `CS_ARCH_EVM` found for enum `capstone_sys::cs_arch` in the current scope
[INFO] [stdout]    --> /opt/rustwide/cargo-home/registry/src/github.com-1ecc6299db9ec823/falcon_capstone-0.4.0/src/capstone.rs:198:26
[INFO] [stdout]     |
[INFO] [stdout] 198 |                 cs_arch::CS_ARCH_EVM        => { DetailsArch::EVM       (arch_union.evm)        },
[INFO] [stdout]     |                          ^^^^^^^^^^^
[INFO] [stdout]     |                          |
[INFO] [stdout]     |                          variant or associated item not found in `capstone_sys::cs_arch`
[INFO] [stdout]     |                          help: there is a variant with a similar name: `CS_ARCH_ARM`
[INFO] [stdout]     | 
[INFO] [stdout]    ::: /opt/rustwide/target/debug/build/falcon_capstone-03b5b800cd47d402/out/bindings.rs:3:104884
[INFO] [stdout]     |
[INFO] [stdout] 3   | ...ne , PartialEq , Eq , Hash ) ] pub enum cs_arch { CS_ARCH_ARM = 0 , CS_ARCH_ARM64 = 1 , CS_ARCH_MIPS = 2 , CS_ARCH_X86 = 3 , CS_ARCH_P...
[INFO] [stdout]     |                                   ---------------- variant or associated item `CS_ARCH_EVM` not found here
[INFO] [stdout] 
[INFO] [stdout] 
[INFO] [stdout] error[E0609]: no field `m68k` on type `cs_detail__bindgen_ty_1`
[INFO] [stdout]    --> /opt/rustwide/cargo-home/registry/src/github.com-1ecc6299db9ec823/falcon_capstone-0.4.0/src/capstone.rs:192:85
[INFO] [stdout]     |
[INFO] [stdout] 192 |                 cs_arch::CS_ARCH_M68K       => { DetailsArch::M68K      (arch_union.m68k)       },
[INFO] [stdout]     |                                                                                     ^^^^ unknown field
[INFO] [stdout]     |
[INFO] [stdout]     = note: available fields are: `x86`, `arm64`, `arm`, `mips`, `ppc` ... and 3 others
[INFO] [stdout] 
[INFO] [stdout] 
[INFO] [stdout] error[E0609]: no field `tms320c64x` on type `cs_detail__bindgen_ty_1`
[INFO] [stdout]    --> /opt/rustwide/cargo-home/registry/src/github.com-1ecc6299db9ec823/falcon_capstone-0.4.0/src/capstone.rs:194:85
[INFO] [stdout]     |
[INFO] [stdout] 194 |                 cs_arch::CS_ARCH_TMS320C64X => { DetailsArch::TMS320C64X(arch_union.tms320c64x) },
[INFO] [stdout]     |                                                                                     ^^^^^^^^^^ unknown field
[INFO] [stdout]     |
[INFO] [stdout]     = note: available fields are: `x86`, `arm64`, `arm`, `mips`, `ppc` ... and 3 others
[INFO] [stdout] 
[INFO] [stdout] 
[INFO] [stdout] error[E0609]: no field `m680x` on type `cs_detail__bindgen_ty_1`
[INFO] [stdout]    --> /opt/rustwide/cargo-home/registry/src/github.com-1ecc6299db9ec823/falcon_capstone-0.4.0/src/capstone.rs:196:85
[INFO] [stdout]     |
[INFO] [stdout] 196 |                 cs_arch::CS_ARCH_M680X      => { DetailsArch::M680X     (arch_union.m680x)      },
[INFO] [stdout]     |                                                                                     ^^^^^ unknown field
[INFO] [stdout]     |
[INFO] [stdout]     = note: available fields are: `x86`, `arm64`, `arm`, `mips`, `ppc` ... and 3 others
[INFO] [stdout] 
[INFO] [stdout] 
[INFO] [stdout] error[E0609]: no field `evm` on type `cs_detail__bindgen_ty_1`
[INFO] [stdout]    --> /opt/rustwide/cargo-home/registry/src/github.com-1ecc6299db9ec823/falcon_capstone-0.4.0/src/capstone.rs:198:85
[INFO] [stdout]     |
[INFO] [stdout] 198 |                 cs_arch::CS_ARCH_EVM        => { DetailsArch::EVM       (arch_union.evm)        },
[INFO] [stdout]     |                                                                                     ^^^ unknown field
[INFO] [stdout]     |
[INFO] [stdout]     = note: available fields are: `x86`, `arm64`, `arm`, `mips`, `ppc` ... and 3 others
[INFO] [stdout] 
[INFO] [stdout] 
[INFO] [stdout] error[E0609]: no field `__bindgen_anon_1` on type `&capstone_sys::cs_x86`
[INFO] [stdout]   --> /opt/rustwide/cargo-home/registry/src/github.com-1ecc6299db9ec823/falcon_capstone-0.4.0/src/capstone_sys.rs:87:30
[INFO] [stdout]    |
[INFO] [stdout] 87 |         return unsafe { self.__bindgen_anon_1.eflags };
[INFO] [stdout]    |                              ^^^^^^^^^^^^^^^^ unknown field
[INFO] [stdout]    |
[INFO] [stdout]    = note: available fields are: `prefix`, `opcode`, `rex`, `addr_size`, `modrm` ... and 11 others
[INFO] [stdout] 
[INFO] [stdout] 
[INFO] [stdout] error[E0609]: no field `__bindgen_anon_1` on type `&capstone_sys::cs_x86`
[INFO] [stdout]   --> /opt/rustwide/cargo-home/registry/src/github.com-1ecc6299db9ec823/falcon_capstone-0.4.0/src/capstone_sys.rs:90:30
[INFO] [stdout]    |
[INFO] [stdout] 90 |         return unsafe { self.__bindgen_anon_1.fpu_flags };
[INFO] [stdout]    |                              ^^^^^^^^^^^^^^^^ unknown field
[INFO] [stdout]    |
[INFO] [stdout]    = note: available fields are: `prefix`, `opcode`, `rex`, `addr_size`, `modrm` ... and 11 others
[INFO] [stdout] 
[INFO] [stdout] 
[INFO] [stdout] error[E0308]: mismatched types
[INFO] [stdout]    --> /opt/rustwide/cargo-home/registry/src/github.com-1ecc6299db9ec823/falcon_capstone-0.4.0/src/capstone_sys.rs:168:25
[INFO] [stdout]     |
[INFO] [stdout] 168 |         return unsafe { self.__bindgen_anon_1.imm };
[INFO] [stdout]     |                         ^^^^^^^^^^^^^^^^^^^^^^^^^
[INFO] [stdout]     |                         |
[INFO] [stdout]     |                         expected `i64`, found `i32`
[INFO] [stdout]     |                         help: you can convert an `i32` to an `i64`: `self.__bindgen_anon_1.imm.into()`
[INFO] [stdout] 
[INFO] [stdout] 
[INFO] [stdout] error[E0308]: mismatched types
[INFO] [stdout]    --> /opt/rustwide/cargo-home/registry/src/github.com-1ecc6299db9ec823/falcon_capstone-0.4.0/src/capstone_sys.rs:188:25
[INFO] [stdout]     |
[INFO] [stdout] 188 |         return unsafe { self.__bindgen_anon_1.imm };
[INFO] [stdout]     |                         ^^^^^^^^^^^^^^^^^^^^^^^^^
[INFO] [stdout]     |                         |
[INFO] [stdout]     |                         expected `i64`, found `i32`
[INFO] [stdout]     |                         help: you can convert an `i32` to an `i64`: `self.__bindgen_anon_1.imm.into()`
[INFO] [stdout] 
[INFO] [stdout] 
[INFO] [stdout] error: aborting due to 66 previous errors
[INFO] [stdout] 
[INFO] [stdout] 
[INFO] [stdout] Some errors have detailed explanations: E0308, E0412, E0425, E0599, E0609.
[INFO] [stdout] 
[INFO] [stdout] For more information about an error, try `rustc --explain E0308`.
[INFO] [stdout] 
[INFO] [stderr] error: could not compile `falcon_capstone`
[INFO] [stderr] 
[INFO] [stderr] To learn more, run the command again with --verbose.
[INFO] running `Command { std: "docker" "inspect" "6e8012a0fb59792a392a205a2845e228555d017218d2d11679c6a8b91e4be8d3", kill_on_drop: false }`
[INFO] running `Command { std: "docker" "rm" "-f" "6e8012a0fb59792a392a205a2845e228555d017218d2d11679c6a8b91e4be8d3", kill_on_drop: false }`
[INFO] [stdout] 6e8012a0fb59792a392a205a2845e228555d017218d2d11679c6a8b91e4be8d3
